
In base 10, what is 4 - 35160?
-35156
In base 3, what is -122112010 + -102?
-122112112
In base 13, what is 640 - bb9?
-579
In base 4, what is 1322122013 - -11?
1322122030
In base 15, what is 5 - bba6?
-bba1
In base 5, what is 1 - -44323?
44324
In base 9, what is -6 + 151354?
151347
In base 11, what is -2 - 16907?
-16909
In base 5, what is 210 - 220341?
-220131
In base 12, what is 1495 - 14?
1481
In base 14, what is 15 - -807a?
8091
In base 9, what is 1482 - -1?
1483
In base 3, what is -120110 - 112210?
-1010020
In base 14, what is 1 + -3a1ad?
-3a1ac
In base 10, what is 3 - 672?
-669
In base 3, what is 10 + -20111102211?
-20111102201
In base 14, what is -2656b + 1?
-2656a
In base 8, what is 4 - 140525?
-140521
In base 9, what is 1603723 - -3?
1603726
In base 9, what is -10 + 7063?
7053
In base 9, what is 46 - -6642?
6688
In base 3, what is 100101 - 20210212?
-20110111
In base 11, what is a0 - -2745?
2835
In base 15, what is 29 + -2ec4?
-2e9a
In base 3, what is -10011 - 1121101?
-1201112
In base 5, what is 4202 + -2424?
1223
In base 11, what is 24a0 + -14a?
2351
In base 15, what is a1eb - -1c?
a218
In base 10, what is 2 - -33029?
33031
In base 8, what is -3 + 1343211?
1343206
In base 12, what is 6aa7 + 3?
6aaa
In base 13, what is -18 + 18b?
173
In base 7, what is -1165 + 432?
-433
In base 5, what is -3 - 4311241?
-4311244
In base 8, what is 712 + 23?
735
In base 16, what is -59201 - 3?
-59204
In base 10, what is 0 + -31645?
-31645
In base 14, what is -63 + -13d08?
-13d6b
In base 12, what is -1016 - -a?
-1008
In base 9, what is 273417 - 4?
273413
In base 16, what is 32 + -574?
-542
In base 15, what is -21 + be?
9d
In base 6, what is -350002 + 1?
-350001
In base 15, what is 51 + -1b51?
-1b00
In base 4, what is 23311 - 2222?
21023
In base 2, what is 10111 - 101011101?
-101000110
In base 2, what is 100101111111 + -11001101?
100010110010
In base 12, what is -2b0080 + 1?
-2b007b
In base 16, what is -1 + 159388?
159387
In base 14, what is -2967 + -11b?
-2a84
In base 15, what is -58b - 14b?
-6d7
In base 9, what is 0 + -288001?
-288001
In base 12, what is 15 + 863?
878
In base 16, what is 1916 + be?
19d4
In base 7, what is -136 + -4153?
-4322
In base 8, what is 1307653 - -3?
1307656
In base 10, what is -3 + 62706?
62703
In base 16, what is 1c + 1bc7?
1be3
In base 8, what is -61 - 6365?
-6446
In base 2, what is 1001110 + 100010111?
101100101
In base 15, what is -616 - -21?
-5e5
In base 4, what is 1020231 + 1103?
1022000
In base 2, what is 1010 - 11110010100001?
-11110010010111
In base 2, what is 1111111010010011001 - 100?
1111111010010010101
In base 5, what is -3221 + -4320?
-13041
In base 15, what is 24 + -a0d7?
-a0b3
In base 15, what is 5ca0 - 1?
5c9e
In base 4, what is -222113 - 1?
-222120
In base 14, what is 2869 + -5?
2864
In base 8, what is 2354 - -3?
2357
In base 15, what is 4 - b4e4?
-b4e0
In base 15, what is -46e6 - 20?
-4716
In base 9, what is 1175 - 74?
1101
In base 11, what is -1307 - -20?
-1297
In base 7, what is -3 + -364654?
-364660
In base 11, what is -42304a - 7?
-423056
In base 12, what is -a + -7a21?
-7a2b
In base 12, what is -160 - 20?
-180
In base 16, what is -1 - 891f?
-8920
In base 14, what is -3c5b - -130?
-3b2b
In base 3, what is -2 + 2020211112?
2020211110
In base 6, what is -25150251 + 5?
-25150242
In base 14, what is 110c5 - 12?
110b3
In base 15, what is 5e06 - -31?
5e37
In base 3, what is 100 - -1122010?
1122110
In base 6, what is -1 - -5112213?
5112212
In base 12, what is 8 + 1663a?
16646
In base 5, what is 4 + -302014122?
-302014113
In base 5, what is -111043 + -22?
-111120
In base 13, what is 2 + 2021?
2023
In base 14, what is 46386 + 2?
46388
In base 6, what is -55 + 13245?
13150
In base 4, what is 210023001 + 2?
210023003
In base 16, what is 9 + -20a4?
-209b
In base 4, what is 31010 - 1320?
23030
In base 2, what is -110101 + -1000000011010?
-1000001001111
In base 16, what is 142d81 + 0?
142d81
In base 3, what is -1 + 1001010220?
1001010212
In base 16, what is 297e1e - 4?
297e1a
In base 14, what is 1 - 7a0?
-79d
In base 6, what is 52 + 10240?
10332
In base 10, what is 231 + 199?
430
In base 12, what is 2 + -14a4?
-14a2
In base 9, what is -5 - -6424?
6418
In base 11, what is 153767 + -5?
153762
In base 7, what is -20343 - 466?
-21142
In base 16, what is -5e1 + 91?
-550
In base 13, what is -2 + 11c79?
11c77
In base 12, what is 33b4 + 6?
33ba
In base 5, what is -13230423 + 34?
-13230334
In base 10, what is 140 + 799?
939
In base 14, what is 1c - 18a?
-16c
In base 12, what is 535 + -116?
41b
In base 3, what is -2021 + -200212?
-210010
In base 4, what is -111030 - 3123?
-120213
In base 6, what is -13143 + -23?
-13210
In base 16, what is 2 + -a876?
-a874
In base 8, what is -14 + -72145?
-72161
In base 11, what is 439 + -153?
296
In base 3, what is 2201111 + -200022?
2001012
In base 8, what is -2 + 46656?
46654
In base 13, what is 5a9 - 7?
5a2
In base 4, what is 11010110222 - 11?
11010110211
In base 11, what is -2 + -25536?
-25538
In base 8, what is 2 - 6227?
-6225
In base 4, what is -33120033 + 11?
-33120022
In base 14, what is 5a4 + -565?
3d
In base 10, what is -11861 - -7?
-11854
In base 15, what is -a - -858eb?
858e1
In base 15, what is -556 - 472?
-9c8
In base 12, what is 364 + -420?
-78
In base 5, what is 123 - 333414?
-333241
In base 10, what is -3 - 1543301?
-1543304
In base 14, what is -23ac7 + 2?
-23ac5
In base 14, what is -3 - 93bdb?
-93c00
In base 12, what is -6 + -41a36?
-41a40
In base 4, what is -32 - 2033033?
-2033131
In base 15, what is 58 - a65?
-a0c
In base 13, what is -2637a1 - -5?
-263799
In base 14, what is -2 - 3cd2?
-3cd4
In base 3, what is 10021012221001 + -10?
10021012220221
In base 4, what is -21 + 10012332120?
10012332033
In base 8, what is 172365 - 0?
172365
In base 8, what is -105270 + -70?
-105360
In base 11, what is -a9381a + 2?
-a93818
In base 7, what is 2635 - 3041?
-103
In base 15, what is 65d + -35?
628
In base 4, what is -133313131 + -2?
-133313133
In base 9, what is 23033 - 1?
23032
In base 7, what is -2046 + 131?
-1615
In base 12, what is 4 + 236b0?
236b4
In base 5, what is 424100 + 1412?
431012
In base 13, what is 8 + 6526?
6531
In base 3, what is -20020221110221 + 12?
-20020221110202
In base 4, what is 331103 - 1?
331102
In base 16, what is 2 - 777?
-775
In base 10, what is 123 + 594?
717
In base 11, what is 47632 - 4?
47629
In base 6, what is -2 - 231?
-233
In base 6, what is 1 + 414035?
414040
In base 10, what is -7 - -87707?
87700
In base 4, what is 2110 - -2002211?
2010321
In base 8, what is -1 + 1425?
1424
In base 3, what is 101202 - 12212?
11220
In base 12, what is 13 - -2810?
2823
In base 2, what is -10 + 11110110001111?
11110110001101
In base 3, what is -1010121201001 - -2?
-1010121200222
In base 3, what is -1020101000 + -2000?
-1020110000
In base 5, what is -21421 + 444?
-20422
In base 14, what is 6d2c - 1?
6d2b
In base 11, what is 61 - 439?
-388
In base 12, what is 13809a - 4?
138096
In base 11, what is 44 + -500a0?
-50057
In base 12, what is 2652a0 - 3?
265299
In base 4, what is -3 - 1012310113?
-1012310122
In base 3, what is 200 + -200211011?
-200210111
In base 10, what is 14628 + -7?
14621
In base 6, what is 151 + 104215?
104410
In base 4, what is 222320 - 2310?
220010
In base 4, what is -130332111 + -11?
-130332122
In base 4, what is 1322131 + -1131?
1321000
In base 13, what is -1183c74 + -2?
-1183c76
In base 8, what is 3562 - 5?
3555
In base 4, what is 1103211 - 32?
1103113
In base 5, what is -1021 - 3102?
-4123
In base 10, what is -335 + 63?
-272
In base 3, what is -221112010 - -1?
-221112002
In base 6, what is 4151 - 203?
3544
In base 6, what is -2 + -122225?
-122231
In base 12, what is 8aa + -38?
872
In base 9, what is -751631 - 1?
-751632
In base 5, what is 131324 - 0?
131324
In base 15, what is -87 - -4cd?
446
In base 7, what is -4 + 4266506?
4266502
In base 10, what is -7299 + -30?
-7329
In base 7, what is -13 + 2654441?
2654425
In base 5, what is 410 - -331433?
332343
In base 13, what is -20 - 203b?
-205b
In base 5, what is 1241 + 202320?
204111
In base 7, what is -206664 + -321?
-210315
In base 2, what is -10001101000111111010101 - 11?
-10001101000111111011000
In base 3, what is -1100100110 + -2?
-1100100112
In base 9, what is -163 - 160?
-333
In base 15, what i